{"id":709,"date":"2022-01-25T10:39:50","date_gmt":"2022-01-25T09:39:50","guid":{"rendered":"http:\/\/clusterkef.creativetunisia.tn\/?page_id=709"},"modified":"2022-01-25T10:52:07","modified_gmt":"2022-01-25T09:52:07","slug":"structures-de-formation","status":"publish","type":"page","link":"https:\/\/clusterkef.creativetunisia.tn\/index.php\/structures-de-formation\/","title":{"rendered":"Structures de formation"},"content":{"rendered":"\t\t<div data-elementor-type=\"wp-page\" data-elementor-id=\"709\" class=\"elementor elementor-709\" data-elementor-settings=\"[]\">\n\t\t\t\t\t\t<div class=\"elementor-inner\">\n\t\t\t\t\t\t\t<div class=\"elementor-section-wrap\">\n\t\t\t\t\t\t\t<section class=\"elementor-section elementor-top-section elementor-element elementor-element-70a86e54 elementor-section-boxed elementor-section-height-default elementor-section-height-default\" data-id=\"70a86e54\" data-element_type=\"section\">\n\t\t\t\t\t\t<div class=\"elementor-container elementor-column-gap-default\">\n\t\t\t\t\t\t\t<div class=\"elementor-row\">\n\t\t\t\t\t<div class=\"aux-parallax-section elementor-column elementor-col-100 elementor-top-column elementor-element elementor-element-613ff9e6\" data-id=\"613ff9e6\" data-element_type=\"column\">\n\t\t\t<div class=\"elementor-column-wrap elementor-element-populated\">\n\t\t\t\t\t\t\t<div class=\"elementor-widget-wrap\">\n\t\t\t\t\t\t<div class=\"elementor-element elementor-element-68907050 aux-appear-watch-animation aux-fade-in-up-1 elementor-widget elementor-widget-aux_modern_heading\" data-id=\"68907050\" data-element_type=\"widget\" data-widget_type=\"aux_modern_heading.default\">\n\t\t\t\t<div class=\"elementor-widget-container\">\n\t\t\t<section class=\"aux-widget-modern-heading\">\n            <div class=\"aux-widget-inner\"><h2 class=\"aux-modern-heading-primary\"><\/h2><h3 class=\"aux-modern-heading-secondary\"><span class=\"aux-head-before\">STRUCTURES DE FORMATION<\/span><\/h3><\/div>\n        <\/section>\t\t<\/div>\n\t\t\t\t<\/div>\n\t\t\t\t\t\t<\/div>\n\t\t\t\t\t<\/div>\n\t\t<\/div>\n\t\t\t\t\t\t\t\t<\/div>\n\t\t\t\t\t<\/div>\n\t\t<\/section>\n\t\t\t\t<section class=\"elementor-section elementor-top-section elementor-element elementor-element-5330027 elementor-section-boxed elementor-section-height-default elementor-section-height-default\" data-id=\"5330027\" data-element_type=\"section\">\n\t\t\t\t\t\t<div class=\"elementor-container elementor-column-gap-default\">\n\t\t\t\t\t\t\t<div class=\"elementor-row\">\n\t\t\t\t\t<div class=\"aux-parallax-section elementor-column elementor-col-33 elementor-top-column elementor-element elementor-element-2fe28c27\" data-id=\"2fe28c27\" data-element_type=\"column\" data-settings=\"{&quot;background_background&quot;:&quot;classic&quot;}\">\n\t\t\t<div class=\"elementor-column-wrap\">\n\t\t\t\t\t\t\t<div class=\"elementor-widget-wrap\">\n\t\t\t\t\t\t\t\t<\/div>\n\t\t\t\t\t<\/div>\n\t\t<\/div>\n\t\t\t\t<div class=\"aux-parallax-section elementor-column elementor-col-33 elementor-top-column elementor-element elementor-element-d07c78f\" data-id=\"d07c78f\" data-element_type=\"column\" data-settings=\"{&quot;background_background&quot;:&quot;classic&quot;}\">\n\t\t\t<div class=\"elementor-column-wrap elementor-element-populated\">\n\t\t\t\t\t\t\t<div class=\"elementor-widget-wrap\">\n\t\t\t\t\t\t<div class=\"elementor-element elementor-element-994906a elementor-widget elementor-widget-aux_image\" data-id=\"994906a\" data-element_type=\"widget\" data-widget_type=\"aux_image.default\">\n\t\t\t\t<div class=\"elementor-widget-container\">\n\t\t\t<section class=\"widget-container aux-widget-image aux-alignnone aux-parent-au23887cc8\" style=\"\" >\n    <div class=\"aux-media-hint-frame \">\n        <div class=\"aux-media-image \" >\n        \n            \n\n            \n            <img loading=\"lazy\" width=\"337\" height=\"95\" src=\"https:\/\/clusterkef.creativetunisia.tn\/wp-content\/uploads\/2022\/01\/isam-siliana.png\" class=\"aux-attachment aux-featured-image aux-attachment-id-711\" alt=\"isam siliana\" data-ratio=\"3.55\" data-original-w=\"337\" \/>            \n                <\/div>\n    <\/div>\n\n<\/section><!-- widget-container -->\t\t<\/div>\n\t\t\t\t<\/div>\n\t\t\t\t<div class=\"elementor-element elementor-element-2cdb04c elementor-widget elementor-widget-aux_modern_heading\" data-id=\"2cdb04c\" data-element_type=\"widget\" data-widget_type=\"aux_modern_heading.default\">\n\t\t\t\t<div class=\"elementor-widget-container\">\n\t\t\t<section class=\"aux-widget-modern-heading\">\n            <div class=\"aux-widget-inner\"><h2 class=\"aux-modern-heading-primary\">Institut Sup\u00e9rieur des Arts et m\u00e9tiers de Siliana (ISAMS)<\/h2><div class=\"aux-modern-heading-divider\"><\/div><\/div>\n        <\/section>\t\t<\/div>\n\t\t\t\t<\/div>\n\t\t\t\t<div class=\"elementor-element elementor-element-18bfed5 elementor-widget elementor-widget-text-editor\" data-id=\"18bfed5\" data-element_type=\"widget\" data-widget_type=\"text-editor.default\">\n\t\t\t\t<div class=\"elementor-widget-container\">\n\t\t\t\t\t\t\t\t<div class=\"elementor-text-editor elementor-clearfix\">\n\t\t\t\t<p>L\u2019Institut Sup\u00e9rieur des Arts et M\u00e9tiers de Siliana est un \u00e9tablissement ouvert \u00e0 tous les bacheliers poss\u00e9dants des aptitudes artistiques. L\u2019Institut Sup\u00e9rieur des Arts et M\u00e9tiers de Siliana \u00e0 travers ses diverses sp\u00e9cialit\u00e9s, opte pour une formation scientifique, culturelle, artistique et technique \u00e0 caract\u00e8re artisanal et professionnel sp\u00e9cialis\u00e9, bas\u00e9 sur une technologie avanc\u00e9e capable d&#8217;inciter l&#8217;\u00e9tudiant \u00e0 la cr\u00e9ation, et de lui offrir les possibilit\u00e9s d&#8217;acqu\u00e9rir les diff\u00e9rents savoirs. De ce fait, l\u2019ISAMS n&#8217;a pas pour seul objectif l&#8217;enseignement et l&#8217;obtention des connaissances, mais il consid\u00e8re en plus l&#8217;enseignement comme \u00e9tant une application de base d&#8217;une d\u00e9marche de d\u00e9veloppement bien orient\u00e9e.<\/p><p>En effet en tant que futurs entrepreneurs, les \u00e9tudiants de l&#8217;ISAMM sont form\u00e9s dans le but de saisir les opportunit\u00e9s d&#8217;affaires et de se mettre, entre autres, \u00e0 leurs propres comptes. Dans l&#8217;objectif d&#8217;aider nos \u00e9tudiants \u00e0 exploiter ces opportunit\u00e9s offertes par un environnement propice \u00e0 la cr\u00e9ation des entreprises, un programme exhaustif est bien con\u00e7u \u00e0 leurs profits.<\/p>\t\t\t\t\t<\/div>\n\t\t\t\t\t\t<\/div>\n\t\t\t\t<\/div>\n\t\t\t\t<div class=\"elementor-element elementor-element-66688ca aux-appear-watch-animation aux-fade-in-up-1 elementor-widget elementor-widget-aux_button\" data-id=\"66688ca\" data-element_type=\"widget\" data-widget_type=\"aux_button.default\">\n\t\t\t\t<div class=\"elementor-widget-container\">\n\t\t\t<a  href=\"http:\/\/www.isamsl.rnu.tn\/Fr\/actualit%C3%A9s-et-ev%C3%A9nements_7_12\" target=\"_self\"   class=\"aux-button aux-medium aux-pastel-orange aux-curve aux-none aux-uppercase\" ><span class=\"aux-overlay\"><\/span><span class=\"aux-text\">VISITER LE SITE WEB<\/span><\/a>\t\t<\/div>\n\t\t\t\t<\/div>\n\t\t\t\t\t\t<\/div>\n\t\t\t\t\t<\/div>\n\t\t<\/div>\n\t\t\t\t<div class=\"aux-parallax-section elementor-column elementor-col-33 elementor-top-column elementor-element elementor-element-57b7226\" data-id=\"57b7226\" data-element_type=\"column\" data-settings=\"{&quot;background_background&quot;:&quot;classic&quot;}\">\n\t\t\t<div class=\"elementor-column-wrap\">\n\t\t\t\t\t\t\t<div class=\"elementor-widget-wrap\">\n\t\t\t\t\t\t\t\t<\/div>\n\t\t\t\t\t<\/div>\n\t\t<\/div>\n\t\t\t\t\t\t\t\t<\/div>\n\t\t\t\t\t<\/div>\n\t\t<\/section>\n\t\t\t\t\t\t<\/div>\n\t\t\t\t\t\t<\/div>\n\t\t\t\t\t<\/div>\n\t\t","protected":false},"excerpt":{"rendered":"<p>STRUCTURES DE FORMATION Institut Sup\u00e9rieur des Arts et m\u00e9tiers de Siliana (ISAMS) L\u2019Institut Sup\u00e9rieur des Arts et M\u00e9tiers de Siliana est un \u00e9tablissement ouvert \u00e0 tous les bacheliers poss\u00e9dants des aptitudes artistiques. L\u2019Institut Sup\u00e9rieur des Arts et M\u00e9tiers de Siliana \u00e0 travers ses diverses sp\u00e9cialit\u00e9s, opte pour une formation scientifique, culturelle, artistique et technique \u00e0 [&hellip;]<\/p>\n","protected":false},"author":1,"featured_media":0,"parent":0,"menu_order":0,"comment_status":"closed","ping_status":"closed","template":"","meta":[],"_links":{"self":[{"href":"https:\/\/clusterkef.creativetunisia.tn\/index.php\/wp-json\/wp\/v2\/pages\/709"}],"collection":[{"href":"https:\/\/clusterkef.creativetunisia.tn\/index.php\/wp-json\/wp\/v2\/pages"}],"about":[{"href":"https:\/\/clusterkef.creativetunisia.tn\/index.php\/wp-json\/wp\/v2\/types\/page"}],"author":[{"embeddable":true,"href":"https:\/\/clusterkef.creativetunisia.tn\/index.php\/wp-json\/wp\/v2\/users\/1"}],"replies":[{"embeddable":true,"href":"https:\/\/clusterkef.creativetunisia.tn\/index.php\/wp-json\/wp\/v2\/comments?post=709"}],"version-history":[{"count":11,"href":"https:\/\/clusterkef.creativetunisia.tn\/index.php\/wp-json\/wp\/v2\/pages\/709\/revisions"}],"predecessor-version":[{"id":722,"href":"https:\/\/clusterkef.creativetunisia.tn\/index.php\/wp-json\/wp\/v2\/pages\/709\/revisions\/722"}],"wp:attachment":[{"href":"https:\/\/clusterkef.creativetunisia.tn\/index.php\/wp-json\/wp\/v2\/media?parent=709"}],"curies":[{"name":"wp","href":"https:\/\/api.w.org\/{rel}","templated":true}]}}